n 18574024 is divided by 1333.
2
What is the remainder when 1987878 is divided by 55?
13
Calculate the remainder when 52130 is divided by 1029.
680
What is the remainder when 7929840 is divided by 2813?
2806
Calculate the remainder when 15397591 is divided by 100.
91
Calculate the remainder when 2238674 is divided by 3658.
3636
Calculate the remainder when 2495832 is divided by 41.
39
Calculate the remainder when 3162304 is divided by 29.
28
What is the remainder when 23100161 is divided by 83?
16
Calculate the remainder when 46369757 is divided by 252.
245
What is the remainder when 12266246 is divided by 2134?
14
What is the remainder when 3540475 is divided by 3787?
3417
What is the remainder when 8828556 is divided by 853?
6
Calculate the remainder when 1219004 is divided by 67.
6
Calculate the remainder when 436392 is divided by 674.
314
Calculate the remainder when 336165 is divided by 1769.
55
What is the remainder when 22283249 is divided by 22?
21
What is the remainder when 42338 is divided by 522?
56
What is the remainder when 10609406 is divided by 36?
26
Calculate the remainder when 23344770 is divided by 136.
98
What is the remainder when 639610 is divided by 2097?
25
What is the remainder when 110520 is divided by 1063?
1031
What is the remainder when 234097 is divided by 194?
133
Calculate the remainder when 6322 is divided by 466.
264
What is the remainder when 694094 is divided by 343599?
6896
Calculate the remainder when 58886 is divided by 186.
110
Calculate the remainder when 166345054 is divided by 49789.
5
Calculate the remainder when 268845 is divided by 121.
104
What is the remainder when 27632 is divided by 1914?
836
Calculate the remainder when 3591934 is divided by 897980.
14
Calculate the remainder when 97869 is divided by 1342.
1245
What is the remainder when 72039 is divided by 35988?
63
What is the remainder when 138873 is divided by 4779?
282
Calculate the remainder when 171137 is divided by 21390.
17
What is the remainder when 16841207 is divided by 38?
25
What is the remainder when 149880 is divided by 74546?
788
What is the remainder when 8311581 is divided by 37?
12
What is the remainder when 566048 is divided by 469?
434
What is the remainder when 14496890 is divided by 1855?
65
What is the remainder when 184031 is divided by 46005?
11
Calculate the remainder when 275398 is divided by 1291.
415
What is the remainder when 4463010 is divided by 5226?
6
What is the remainder when 26942953 is divided by 950?
3
What is the remainder when 206808 is divided by 3355?
2153
Calculate the remainder when 156263 is divided by 12571.
5411
Calculate the remainder when 2400082 is divided by 600016.
18
Calculate the remainder when 11990918 is divided by 3158.
3150
Calculate the remainder when 41397341 is divided by 79.
77
What is the remainder when 2647413 is divided by 529462?
103
What is the remainder when 59473 is divided by 29646?
181
What is the remainder when 7472827 is divided by 64?
59
Calculate the remainder when 154803 is divided by 269.
128
Calculate the remainder when 926615 is divided by 34319.
2
Calculate the remainder when 37385 is divided by 111.
89
Calculate the remainder when 12634969 is divided by 221666.
7
What is the remainder when 18043 is divided by 1606?
377
What is the remainder when 20728252 is divided by 857?
850
What is the remainder when 2868685 is divided by 15508?
15213
What is the remainder when 11068098 is divided by 51005?
13
What is the remainder when 111510 is divided by 9131?
1938
What is the remainder when 1383812 is divided by 16?
4
What is the remainder when 24724831 is divided by 44?
43
Calculate the remainder when 4394537 is divided by 1464752.
281
Calculate the remainder when 54511 is divided by 2195.
1831
Calculate the remainder when 135662 is divided by 4763.
2298
What is the remainder when 377383 is divided by 374292?
3091
What is the remainder when 2431362 is divided by 1499?
1483
Calculate the remainder when 98217 is divided by 32708.
93
What is the remainder when 39773639 is divided by 30?
29
What is the remainder when 20547934 is divided by 43?
40
Calculate the remainder when 789133 is divided by 263001.
130
Calculate the remainder when 7354895 is divided by 203.
2
Calculate the remainder when 907413 is divided by 90735.
63
What is the remainder when 1331145 is divided by 665?
480
Calculate the remainder when 1201921 is divided by 521.
495
Calculate the remainder when 48534 is divided by 328.
318
Calculate the remainder when 6616623 is divided by 28.
27
What is the remainder when 1325235 is divided by 111?
6
What is the remainder when 2178193 is divided by 2178084?
109
What is the remainder when 2907404 is divided by 1453665?
74
What is the remainder when 22535546 is divided by 813?
812
What is the remainder when 102493 is divided by 1485?
28
What is the remainder when 15294648 is divided by 2455?
2453
Calculate the remainder when 30875 is divided by 4184.
1587
What is the remainder when 25048989 is divided by 2615?
2519
What is the remainder when 386462 is divided by 2327?
180
Calculate the remainder when 302973 is divided by 71.
16
Calculate the remainder when 57500 is divided by 77.
58
What is the remainder when 41807 is divided by 7520?
4207
What is the remainder when 67754147 is divided by 556?
543
What is the remainder when 2954400 is divided by 39392?
0
What is the remainder when 67106 is divided by 100?
6
What is the remainder when 6419894 is divided by 1863?
1859
What is the remainder when 10013445 is divided by 112510?
55
Calculate the remainder when 7963934 is divided by 1028.
18
What is the remainder when 23482949 is divided by 39?
35
Calculate the remainder when 54599 is divided by 6472.
2823
Calculate the remainder when 604678 is divided by 28792.
46
What is the remainder when 4276775 is divided by 168?
167
Calculate the remainder when 69333365 is divided by 22.
13
What is the remainder when 4872625 is divided by 364?
121
Calculate the remainder when 12834880 is divided by 6968.
6792
What is the remainder when 1645596 is divided by 328?
20
What is the remainder when 721355 is divided by 219?
188
What is the remainder when 15733 is divided by 646?
229
Calculate the remainder when 133536 is divided by 33271.
452
Calculate the remainder when 372757 is divided by 124045.
622
What is the remainder when 328530 is divided by 3575?
3205
Calculate the remainder when 108725 is divided by 25307.
7497
What is the remainder when 7833 is divided by 3703?
427
Calculate the remainder when 995787 is divided by 247.
130
Calculate the remainder when 67910 is divided by 11291.
164
What is the remainder when 10886842 is divided by 16?
10
Calculate the remainder when 658914 is divided by 4865.
2139
What is the remainder when 799474 is divided by 1400?
74
Calculate the remainder when 138900188 is divided by 2971.
2967
What is the remainder when 2770442 is divided by 348?
14
Calculate the remainder when 737543 is divided by 311.
162
Calculate the remainder when 7742772 is divided by 699.
648
What is the remainder when 1601989 is divided by 858?
103
Calculate the remainder when 2834973 is divided by 157.
24
Calculate the remainder when 311250 is divided by 32.
18
What is the remainder when 72540557 is divided by 413?
411
What is the remainder when 149039 is divided by 1476?
1439
What is the remainder when 4133897 is divided by 6799?
105
Calculate the remainder when 95424 is divided by 19080.
24
Calculate the remainder when 3892182 is divided by 1297392.
6
Calculate the remainder when 25833032 is divided by 378.
134
Calculate the remainder when 24890 is divided by 24527.
363
Calculate the remainder when 144360 is divided by 1552.
24
What is the remainder when 10324826 is divided by 3441605?
11
What is the remainder when 34968066 is divided by 4267?
1
Calculate the remainder when 91166329 is divided by 3902.
1
Calculate the remainder when 27532905 is divided by 13.
10
Calculate the remainder when 5791010 is divided by 191.
81
What is the remainder when 27328 is divided by 1868?
1176
Calculate the remainder when 50875707 is divided by 2195.
2192
What is the remainder when 7307606 is divided by 456724?
22
What is the remainder when 2013101073 is divided by 14?
11
What is the remainder